) = -3*r(a) + 7*x(a). Determine d(4).
19
Let i(v) = -64*v + 125*v - 19 + 52 - 65*v. Calculate i(9).
-3
Let i(u) = 2*u - 1. Let m(b) = 0 - 1 - b + 13. Let y be m(0). Let k = y + -9. Calculate i(k).
5
Let u(w) = 21*w**2 - w - 6*w - 5 - 56*w**2 + 16*w**2 + 18*w**2. What is u(-10)?
-35
Let h = -38 - -28. Let c(v) = v + 16. Let z be c(h). Let f(l) = 0*l**3 - 2 + 3*l**2 + 8*l - l - z*l + l**3. Give f(-3).
-5
Let o be 4/(-6)*(-45)/10. Let z(j) = -37*j - 2*j**2 + 4 - 38*j + 70*j + 3*j**2. What is z(o)?
-2
Let t(x) = -3*x**3 + 4*x**2 - 2*x. Let d(v) = -v + 4. Let h be d(1). What is t(h)?
-51
Let m(g) = g - 22. Let n(r) be the first derivative of -r - 32. Let i(w) = m(w) - 6*n(w). Give i(0).
-16
Let z(k) = 3*k + 5*k + 10*k - 23*k + 6*k - 1. Let f be 4/(-2) - 4/(-2). What is z(f)?
-1
Let h = 783 + -767. Let o(l) = -l**3 + 15*l**2 + 17*l - 15. Give o(h).
1
Let y(q) = 4 - 6 + 2 + 4 - 1 - q. What is y(-7)?
10
Suppose 4*x - 3*x + 2 = 0. Let z(f) be the third derivative of 1/30*f**5 + 0 - 1/8*f**4 + 0*f - 1/6*f**3 - 79*f**2 + 1/120*f**6. What is z(x)?
5
Let b = -1475 - -1477. Let l(v) = 19*v + 3. Determine l(b).
41
Let x(a) = -9*a - 3. Let o(s) = 6*s + 176. Let l be o(-30). Calculate x(l).
33
Suppose 15 + 21 = -4*h. Let j(g) = g**2 + 7*g - 1. Let k be j(-6). Let s = h - k. Let z(i) = -4*i**2 - 3*i - 1. Calculate z(s).
-11
Suppose -i + 2*m + m + 6 = 0, 0 = 4*i + m + 15. Let x(y) = 17594*y**3 + 4*y**2 + 17598*y**3 + 3*y - 2 - 35191*y**3. Give x(i).
-2
Let m(c) = 4*c - 1. Let f = 23 + -16. Suppose -2*x = -3*k + 11, -k - 2*k = -4*x - f. Calculate m(x).
7
Let p(s) = -7*s**3 - 8*s**2 - 10*s + 2. Let y(v) = -6*v**3 - 6*v**2 - 8*v + 2. Let t(g) = 5*p(g) - 6*y(g). What is t(3)?
-17
Let v(i) be the second derivative of -i**5/20 + 5*i**4/12 - 2*i**3/3 + i**2 + 5*i + 1. What is v(5)?
-18
Let y(a) be the third derivative of a**4/6 - 2*a**3/3 - 4*a**2 - 16*a. Give y(-6).
-28
Let d(n) = -n - 2. Let g(z) = z - 2. Let l be g(7). Suppose l*q = 13 + 7. Suppose 0 = 4*j + q - 20, -5*x + 2*j + 7 = 0. Determine d(x).
-5
Let c(k) be the second derivative of k**5/20 - k**4/6 - 2*k**3/3 - k**2 - 7*k + 40. What is c(5)?
53
Let b(m) be the third derivative of 0 + 0*m - 1/24*m**4 - 4*m**2 - 1/2*m**3. Let f = 11 + -6. Calculate b(f).
-8
Let f(j) = j**2 - 23*j + 15. Let y(s) = s**2 - 22*s + 16. Let n(b) = -6*f(b) + 7*y(b). Give n(15).
7
Let h(b) be the first derivative of -b**3/3 + 3*b**2 - 9*b + 18. Calculate h(4).
-1
Let u(i) = -6*i - 5 + 4*i + 9*i - 8*i. Suppose -2*k + 11 - 3 = 0. Calculate u(k).
-9
Let c(l) = 13*l - 16. Let p(k) = -4*k + 5. Let i(z) = -2*c(z) - 7*p(z). Let w be i(1). Let y(v) be the third derivative of -v**4/8 - v**2. Determine y(w).
3
Let o(j) = 38*j + 745. Let s be o(-20). Let p(u) = u**2 + 18*u + 38. What is p(s)?
-7
Let x(l) = -14*l**2 + 283568 - 283568 + l. Determine x(1).
-13
Let d(k) = -k**3 + 4*k**2 - 2*k - 2. Let f(z) = -4*z + 111. Let t be f(27). What is d(t)?
1
Let b(t) be the third derivative of -t**4/24 - t**3 - 35*t**2 + 1. Determine b(-5).
-1
Let b be ((-126)/24 - -5)*1*-12. Let q(d) = -3*d - 2. Calculate q(b).
-11
Let o(q) = 8*q**2 - 6*q + 1. Let l be -18*((-35)/15 + 2). Let c(a) = -a**2 + a. Let m(g) = l*c(g) + o(g). Calculate m(-2).
9
Suppose 0*i + 4*i - 24 = 0. Suppose -12 - i = -3*j. Let n(v) = v**3 - 6*v**2 - 1. Let c be n(j). Let q(u) = 2*u + 1. Give q(c).
-1
Let r(z) = 7*z - 3. Let x(o) = 2*o - 1. Let g(h) = r(h) - 4*x(h). Give g(4).
-3
Let m = 0 - -1. Let j(l) = -2*l + 0 + 5 - m. Let x be (-6)/5*25*(-16)/80. Calculate j(x).
-8
Let k(n) = n + 1. Let v(q) be the first derivative of -q**2 - 2*q + 3. Let t(y) = -13*k(y) - 6*v(y). Suppose -6*h = 2*h - 48. Give t(h).
-7
Let p = -80 + 83. Suppose -5 = -p*f + 2*q, -3*f + 2*q + 1 = -2*q. Let k(x) be the third derivative of x**5/60 - x**4/8 + 2*x**3/3 - x**2. Give k(f).
4
Suppose -3*z - 5 = 2*j + 1, -5*j = 3*z + 15. Let b(u) = -1 - u**2 + 4 + 3 + z - 7*u. Let s be b(-8). Let g(r) = -2*r**2 - 2*r. What is g(s)?
-4
Suppose 0 = -2*x + 5*a - 12, -30 = 5*x - 0*x + 5*a. Let l = x + 8. Let g(t) = 2*t**3 - 4*t**2 + 4*t - 3. Determine g(l).
5
Let q(f) = -3*f**3 + 33*f**2 + 40*f + 61. Let u(a) = -2*a**3 + 22*a**2 + 27*a + 40. Let v(h) = 5*q(h) - 7*u(h). Give v(12).
13
Let l(u) be the second derivative of -u**4/12 - 5*u**3/2 - 9*u**2 - 16*u - 3. What is l(-14)?
-4
Let t(k) = -k**2 - 11*k + 62. Let z(w) = -w**2 - w + 15. Let p be z(-6). Let o be t(p). Let a(s) = 3*s**2 - 2*s - 1. Give a(o).
7
Let g(k) = 2*k + 6. Let t(z) = -15*z**3 - 3*z**2 - 19*z + 1. Let l(r) = 5*r**3 + r**2 + 6*r. Let n(x) = -7*l(x) - 2*t(x). Let f be n(-1). What is g(f)?
18
Let v be (-4)/(-2) - (8 + 5). Let u be (-75)/v - (-4)/22. Let h(g) = -u*g + 6*g**2 + 6 + 14*g - g**3 - 14*g. Give h(5).
-4
Let c(m) = -m - 5. Let b = -659 - -656. Calculate c(b).
-2
Suppose -10*t + 51 = 1. Let s(h) = 2*h + t - 6 + 1. Give s(1).
2
Let w(p) be the first derivative of p**3/3 - p**2 - 8*p + 22. Suppose 3*m = 3*k - 2*k, 25 = 5*m. Let g be (-20)/6*(-27)/k. Give w(g).
16
Let n(y) = y + 7. Let o(k) = k**3 - 4*k**2 + 2*k - 4. Let a be o(0). Determine n(a).
3
Suppose 8*h - 3*h - 18 = 2*c, -c = -2*h + 8. Suppose 3*s = h*s + 5. Let z(k) = k. Calculate z(s).
5
Let q(s) = -s + 45. Let z(m) be the third derivative of -5*m**3/2 - 12*m**2. Let w(l) = -2*q(l) - 7*z(l). Calculate w(-10).
-5
Let c(n) be the third derivative of 0 + 5/24*n**4 - 1/120*n**6 - 4*n**2 + n**3 + 0*n + 1/12*n**5. Calculate c(6).
0
Suppose 3 = -44*m + 41*m - 3*g, 4*g - 23 = 5*m. Let y(c) = 10*c + 18. Give y(m).
-12
Let u(y) = -y**2 + 9*y + 3. Let h(x) = -2*x - 17. Let j be h(-16). Suppose 0 = -d + j - 6. What is u(d)?
3
Let t = 13 + -9. Let k(h) = 1 + 3*h + t + 1. Suppose 0 = -4*a + v - 13, -5*a - 2 = -2*v + 12. Calculate k(a).
-6
Let o(j) be the first derivative of -5*j**2/2 - 68*j + 438. What is o(-12)?
-8
Suppose 0 = 4*z - 5*p + 35, -2*z + 2*p = 3*z + 31. Let o(a) = -a**2 - a + 6. Determine o(z).
-14
Let y = 852 + -847. Let n(i) be the second derivative of -i**3/2 - 3*i**2/2 - i. Determine n(y).
-18
Suppose 0 = v - 3*v + 30. Let m be (50/v)/((-2)/(-6)). Suppose 4 = 2*w - m. Let d(l) = l**2 - 6*l - 5. What is d(w)?
2
Let x(h) be the third derivative of -h**4/24 + h**3/2 - h**2. Let s(p) = -p**2 - 7*p + 6. Let c be s(0). Give x(c).
-3
Let a be ((-14)/(78 + -8))/((-2)/10). Let c(i) = -11*i**2 + i. What is c(a)?
-10
Suppose 10*x - 6 = 8*x. Let l(n) = -n**2. Let o(t) = -6*t**2 + 3*t - 2. Suppose -3 = r + m, -3*m = 4*r + 2 + 6. Let u(v) = r*o(v) - 5*l(v). What is u(x)?
-2
Let c(o) = -o**2 + o - 1. Let p(h) be the second derivative of -h**4/12 - h**3/3 - 9*h**2/2 - 12*h. Let z(x) = -2*c(x) + p(x). Determine z(5).
-2
Let t be 1 - 2/(6/(-9)). Let f = t - 2. Let x(n) = f*n**2 - 5*n**2 + n**2 + 7*n**2. Give x(1).
5
Let m = 84 + -82. Let i(s) = s**2 + 12 + 10*s + 8 - 3 - m. Calculate i(-10).
15
Let k(j) be the third derivative of j**4/24 - j**3/6 + 3*j**2 - 6*j. Determine k(3).
2
Suppose -2*s + 3*v - v = 0, s - 4 = -v. Let l(h) = h**3 - h + 2. Give l(s).
8
Suppose 14*n = -2*s + 11*n - 11, -3*s + 3*n = 24. Let o(a) = 4*a - 8. Give o(s).
-36
Let o(r) be the first derivative of -3*r**2 - 5. Suppose -4*p - 6 = 2*n, 0*n + 15 = p - 5*n. Let s = p + -1. What is o(s)?
6
Suppose 9*q - 3*q = 42. Let a(s) be the third derivative of -s**5/60 + 7*s**4/24 - s**2. Let p be a(q). Let h(b) = -b**2 - b - 2. Determine h(p).
-2
Let q(j) = 6 + 6 + 4 - 7 + j**2 - 7*j + 3*j. Suppose 4 = -5*l + 34. Determine q(l).
21
Let w(j) = -137*j + 133*j + 1 - 2. Let x = -224 - -226. Give w(x).
-9
Let u(b) = -b**3 + 5*b**2 - b + 4. Suppose 12 = 4*m - 24. Suppose 4*o - p = 19, -4*p = o - 0*p - m. Give u(o).
-1
Suppose 3*r + 5*z - 38 = 0, -z - 11 = -3*r + 3. Let v(w) = 0 + 8*w + 1 - 2 - r - 2*w**2. Calculate v(5).
-17
Let y be (-4)/(-22) - (-64)/11. Suppose -3*c = -0*c - 3. Let h(k) = -1 - k - c + 0. Calculate h(y).
-8
Let n(i) = -3*i + 26. Let d be n(8). Let j(b) = 15 + 16 + b**d - 8*b - 26. Calculate j(6).
-7
Suppose 2*w + 8 = 76. Suppose w = 5*l - 46. Suppose -5*y - l = -2*q, -4*y - 2*q = 3*q - 7. Let k(a) = -3*a - 1. Determine k(y).
5
Let v(u) be the first derivative of 14*u - 3*u - 46 - 10*u - u**2. What is v(-3)?
7
Let y(l) = l**2 + 3*l - 3. Suppose -4*p - 4*o + 164 = -p, 2*p + 2*o = 110. Let x = -59 + p. Calculate y(x).
-3
Let i(q) be the f